he remainder when g is divided by 29.
27
Let i = 198 - 94. Let b = i + -18. Let o = 70 - 48. Calculate the remainder when b is divided by o.
20
Let b(g) = -4 - 6 - 4*g**3 + 11*g**2 + 16*g + 2*g**3 + g**3. Let j(p) = 8*p - 36. Let d be j(6). What is the remainder when 112 is divided by b(d)?
36
Let k(n) = -27*n - 141. What is the remainder when k(-8) is divided by 21?
12
Suppose 10*s - 24 = 8*s. Let d = s - -28. Calculate the remainder when d is divided by 14.
12
Let p = -8 + 15. Let x(n) = -5*n**2 + 93*n + 54. Calculate the remainder when x(19) is divided by p.
2
Suppose 0 = 23*o - 3254 - 265. Calculate the remainder when o is divided by 32.
25
Suppose -2*d - 28 = -4*c, c - 4*c - 15 = 3*d. Calculate the remainder when (58/d)/((-2)/8) is divided by 10.
9
Suppose 2*z + 4 - 2 = -2*l, -2*z + 4 = 5*l. Suppose -k = -l*k. Let m = k - -13. What is the remainder when 51 is divided by m?
12
Let x = 431 + -294. Calculate the remainder when x is divided by 36.
29
Suppose 5*b - 461 = -4*u, 5*b = -5*u + 6*u - 134. Let y = 20359 + -20349. What is the remainder when u is divided by y?
9
Suppose 2*k = -19*o + 17*o + 916, -4*o = 5*k - 1830. Calculate the remainder when o is divided by 33.
31
Suppose 5*s = 5*r + 1900, 2*r + 393 - 8 = s. Calculate the remainder when 8 is divided by 0 - 2/16 - s/(-120).
2
Suppose 0 = -3*n - n - 12. Let b = n + 13. Suppose -3*x + 38 + b = 0. Calculate the remainder when 62 is divided by x.
14
Let w(x) = 18*x**3 - 2*x + 2. Let m(p) = 0*p**2 + 5 + 36*p + p**2 - 4 - 39*p. Let b be m(3). What is the remainder when 51 is divided by w(b)?
15
Suppose 30*j = -72*j + 1428. Suppose 3*v + 131 = -2*n, 4*n + v + 181 + 56 = 0. Let o = 96 + n. What is the remainder when o is divided by j?
10
Suppose -5*a + 38 = -182. Suppose -37 = -s + 5*t, -4*t + 5 - 73 = -4*s. Calculate the remainder when a is divided by s.
8
Let l be -4 - (-2)/1 - -5. Suppose -p + 4*o = 4*p - 15, 4*o = -p + l. What is the remainder when 51 is divided by (-1)/((-114)/(-39) - p)?
12
Suppose -7*z + 8*z - 4 = 0. Suppose -19 = -3*i - 2*y, 3*y = z*i - 37 + 6. Suppose -2*k = 3*k - 85. What is the remainder when k is divided by i?
3
Suppose 0 = 16*q - 11*q - 100. Suppose 3*w = -q + 74. What is the remainder when 104 is divided by w?
14
Let v = 179 + -139. Calculate the remainder when v is divided by 6.
4
Let a be 9/((-5)/(-8) - 1). Calculate the remainder when 369/12 - 6/a is divided by 11.
9
Let n = -70 - -182. Suppose v + 3*h = 16, -3*v + 4*h + n = v. Let r(b) = 8*b**2 + 1. What is the remainder when v is divided by r(1)?
7
Let o(p) = p**2. Let c be o(2). Suppose -4*r + 3*j + 31 = 0, -2*j - 17 = -c*r + 9. Suppose r*a - 6 - 18 = 0. Calculate the remainder when 9 is divided by a.
3
What is the remainder when 1 is divided by (-2 + -3)*((-16)/5 - -3)?
0
Suppose 50 - 14 = 3*k - 2*a, 9 = 3*a. What is the remainder when 47 is divided by k?
5
Suppose 2*i + 94 = 14*u - 12*u, -4*u + 164 = 2*i. What is the remainder when u is divided by 23?
20
Suppose 2*r - 2*y = -y + 66, y = 4*r - 128. Suppose -w = -4*q + r, 2*w = -q - 3*q + 22. What is the remainder when q is divided by 5?
2
Suppose 2*s + 8 = 0, -4*s + 3 = 4*n - 5. Let o be n - -1*(-1 - -1). Calculate the remainder when (o/(-4))/(4/(-8)) is divided by 2.
1
Suppose 0 = 2476*o - 2488*o + 24. What is the remainder when 158 is divided by o?
0
Let x = 63 + 18. Suppose a + 2*a - 6 = 0. Suppose -6 - 36 = -a*j. What is the remainder when x is divided by j?
18
Let j = -24 + 33. Suppose 97 + 128 = j*w. What is the remainder when 74 is divided by w?
24
Suppose -35 = 5*c - 4*o + o, -4*o = -5*c - 30. Let j(q) = q**3 + 12*q**2 + 14*q - 7. What is the remainder when j(c) is divided by 27?
26
Let t(u) = -u**3 + 4*u + 3. Let j = 13 + -15. Let l be t(j). Suppose -40 = -f - l*f. What is the remainder when 39 is divided by f?
9
Suppose 39 = 6*r - 27. What is the remainder when 571 is divided by r?
10
Let x be 2 + (8/2)/4. Suppose v + k + x = -2, 2*k + 7 = -v. Let g(i) = -4*i**3 - 5*i**2 - 3*i - 3. Calculate the remainder when g(v) is divided by 18.
15
Let a be (-24)/(-30) - 8/10. Let k be (6 - 3) + a + -1. Suppose o + w + 1 = 3, -4*w = -k*o + 28. Calculate the remainder when o is divided by 4.
2
Let t(l) = -4*l**2 + 4*l + 1. Let n(r) = -r**2 + r + 1. Let s(d) = 2*n(d) - t(d). What is the remainder when 47 is divided by s(3)?
8
Let m(l) = l - 2. Let x be (6/4)/(5/50). Calculate the remainder when (18/x)/(4/30) is divided by m(6).
1
Suppose 3*g - s - 275 = -2*s, -3*s + 6 = 0. Let o = -413 - -460. Calculate the remainder when g is divided by o.
44
Let d(m) = -6*m + 2 - 5 + 2*m**3 - 11*m**2 + 13*m. Calculate the remainder when 34 is divided by d(5).
6
Suppose 0*x + 17 = x. Suppose 6*o - 13 = 47. Calculate the remainder when x is divided by o.
7
Calculate the remainder when 49 is divided by ((-3)/(6 - 5))/(6/(-68)).
15
Let c(j) = -j**2 - 4*j + 68. What is the remainder when c(0) is divided by (1/3)/((-7)/(-546))?
16
Suppose 41*h - 1511 = -322. What is the remainder when h is divided by 7?
1
Suppose 2*u - 3*w - 60 - 45 = 0, -4*w = -u + 55. Calculate the remainder when u is divided by 27.
24
Let f = 9 - 16. Let o(k) = -14*k - 22. Let y(a) = -9*a - 15. Let w(u) = -5*o(u) + 8*y(u). Calculate the remainder when w(f) is divided by 3.
1
Let w(t) = 5*t. Let z(o) = o**2 + 6*o - 1. Let j(y) = -4*w(y) + 3*z(y). Let g be j(3). Let n = g - -1. Calculate the remainder when 73 is divided by n.
16
Let o = -8 - -14. Let p be o + 8/6*3. Suppose -2*h + 52 = -p. Calculate the remainder when 91 is divided by h.
29
Suppose -8*v - 152 = -1256. Let x = v - 133. Calculate the remainder when 18 is divided by x.
3
Let t(u) = u**3 - 7*u**2 + 9*u - 2. Let n be t(6). Suppose 0 = -n*a + 12*a + 220. What is the remainder when a is divided by 14?
13
Let l(v) = -v**3 - 10*v**2 - 14*v + 21. Let w be l(-9). Suppose -3*y - w = 2*s - 5*s, 3*s + 2*y = 71. What is the remainder when s is divided by 5?
3
Calculate the remainder when 36 is divided by (-19)/57 + 4/(36/183).
16
Let q(f) = -f**3 + 15*f**2 + 3*f - 26. What is the remainder when 398 is divided by q(15)?
18
Suppose -2*h - 233 + 41 = -3*s, h + 65 = s. Calculate the remainder when s is divided by 17.
11
Suppose 3*g - 10 = -4. Suppose g*h + h - z = 212, -3*h + 2*z = -208. Calculate the remainder when h is divided by 37.
35
Let h(y) = y**2 - 10*y - 100. Let b(z) = 2*z - 11. Let c be 6 - (0 - (-2)/(-1)). What is the remainder when h(17) is divided by b(c)?
4
Suppose 0*f + 87 = 3*f. Suppose 0 = 8*b - 7*b. Suppose b = -13*r - 2*r + 150. Calculate the remainder when f is divided by r.
9
Suppose 13 + 5 = 6*s. Let d(j) = j**3 - 4*j**2 + 3*j + 4. Let n be d(4). Suppose 6 = 2*t - n. Calculate the remainder when t is divided by s.
2
Let d(b) = 4*b**2 + 2*b. Suppose 3*t - 7 - 2 = 0, 5*h = -5*t + 20. What is the remainder when 16 is divided by d(h)?
4
Let z(t) = -t**2 - 11*t - 22. Let a be z(-7). Suppose -2*r - 34 = -d, 2*d - 72 = -r + a*r. Calculate the remainder when d is divided by 14.
12
Let c(l) = 11*l - 2. Suppose -b + 3 = -2*x + 6*x, 3*b = 2*x - 5. Calculate the remainder when 34 is divided by c(x).
7
Let v = -3 - -22. Let f(q) = 10*q**2 + 6*q - 5. Let n be f(5). Suppose -2*j - n = -7*j. What is the remainder when j is divided by v?
17
What is the remainder when -15 + 60 + -17 + 6 + 0 is divided by 7?
6
Suppose -2*y + 45 - 55 = 0, -2*q + 3*y = -149. What is the remainder when q is divided by 142/8 + (-2)/(-8)?
13
Suppose -76 = -4*g - 2*c, 3*g - g + 4*c = 32. Let h = g + -17. Suppose -m + 67 = -5*f, -f - 2 = -h*f. What is the remainder when m is divided by 37?
35
Let s = -2 - -2. Suppose -2*y + 40 + 12 = s. Calculate the remainder when y is divided by ((-8)/(-10) + -2)/((-48)/360).
8
Suppose 0*o - o = -2*n - 12, -5*o + 5*n = -40. Suppose o*i = 3*s + 90 + 35, 3*s = i - 38. Calculate the remainder when i is divided by 11.
7
What is the remainder when 499 is divided by 1/((-5)/(-40)) + 92?
99
Calculate the remainder when (-37)/(-6 - (-2868)/480) is divided by 57.
55
Suppose -57 = -0*k - k. Let y = k - 26. What is the remainder when y is divided by 21/3*(-24)/(-21)?
7
Suppose -170 = -4*l - l + 5*k, -5*k + 20 = 0. Suppose -4*n + 22 = 4*r - 14, 2*n + 59 = 5*r. What is the remainder when l is divided by r?
5
Suppose 2*v - 5*v = -66. Let f = v + -12. Let o =